3 + 12*c**2 - 12*c + 6. Suppose 63*d + 30 = 68*d. Let g be -4 - ((5 - d) + -16 + 2). What is u(g)?
-5
Suppose 8 = -4*b, r + 3*b + 7 = 3. Let k = r - 4. Let p(h) = 247*h + 6. Let u(q) = -328*q - 7. Let y(o) = 4*p(o) + 3*u(o). What is y(k)?
-5
Suppose 2*d - 4 = 4. Let v(a) be the first derivative of a**5/20 - a**4/2 + a**3 - a**2/2 - 3*a + 87. Let x(s) be the first derivative of v(s). Calculate x(d).
-9
Let c = 198 - 190. Let t(u) = u. Let d be t(1). Let b(s) = 1 + s - d + 0 + 2. Give b(c).
10
Let j = 54 - 53. Let f(p) be the first derivative of 7*p**3/3 + p**2/2 - 2*p + 583. Calculate f(j).
6
Let x(v) = -v**3 - 9*v**2 + 20*v + 4. Let s be x(2). Let b(q) = -q**3 + q**2 - 65. Give b(s).
-65
Let r(t) = 7*t**2 + 0*t**3 + 10 + t**3 - 2*t**3 - t. Let w = -46175 + 46182. Determine r(w).
3
Let w(d) = d**3 + 4*d**2 - d. Let x be 5/2*64/80. Suppose x*a - 8*a + 36 = 0. Let h be (a/(-2) - -4)*-4. Calculate w(h).
4
Suppose 2*c - 5*u = 139, 4*c - u - 233 = -0*u. Let n(s) = 2*s**2 - 56*s - s**2 + c*s + 3 - 1. Calculate n(-2).
4
Let j be ((-6)/2 + -61)/((-6)/12). Let t(x) = 4*x - 253 + 126 + j. Let f(y) = y**2 - 4*y + 2. Let q be f(3). Calculate t(q).
-3
Suppose 6*h + 159 = 3*u + 3*h, -u + 5*h + 45 = 0. Suppose 9*l + u = 10. Let q(r) = -r**2 - r - 2. Calculate q(l).
-22
Let r(k) = k**2 + 2*k + 14. Let f be (-4)/6 + 45/27. Let p(a) = -a + 3. Let d(h) = f*r(h) - 6*p(h). Suppose 7 = -b + 1. Calculate d(b).
-16
Let a = 1570 + -1565. Let c(d) = 3*d**2 - 17*d + 1. Give c(a).
-9
Suppose -6609 = -14*o - 6553. Let r(a) = a**3 - 4*a**2 - 4*a - 4. Calculate r(o).
-20
Suppose -b = -2*h + 8, 2*h - 22 = 3*b + 2. Let n(l) = l**3 + 8*l**2 - 11*l - 6. What is n(b)?
82
Let f(a) = 16*a - 15. Let r(y) = 8*y - 8. Let n(q) = -6*f(q) + 11*r(q). Suppose 7*z - 731 + 710 = 0. Give n(z).
-22
Let b(y) = -y**2 - 6*y - 8. Suppose 10*n = -4*r + 9*n + 11, -3 = -2*r - 3*n. Suppose -27 = 4*u + o, -r*u - 18 = 2*u - 4*o. Calculate b(u).
-8
Let m(t) = -3*t**2 + 5*t + 8. Let l(s) = 7 - 10*s - 13*s**2 + 20*s**2 + 29*s - 9*s**2 - 15*s. Let v(q) = 7*l(q) - 6*m(q). Determine v(1).
3
Let h(f) = -2*f**3 - f**2 + 2. Let a(g) = 2*g**3 + 5*g**2 - 2*g + 1. Let p(r) = -a(r) - 3*h(r). Give p(0).
-7
Let x(i) = -i**3 - 11*i**2 - 4*i + 23. Let z = 10145 - 10155. Determine x(z).
-37
Let m(r) = -7*r - 31. Let x be m(-18). Let u = -95 + x. Let v(j) = j**3 + j**2 + 2*j**2 + 3*j + u*j**2 - 9*j**2 + 1. Determine v(5).
-9
Suppose 204*g + 258*g - 1386 = 0. Let j(i) = -14*i**2 + 5*i - 13. Calculate j(g).
-124
Let m = 15 + -12. Let h(x) = x**2 - x + 1. Let g be h(m). Let r(a) be the second derivative of a**5/20 - 7*a**4/12 + a**3/6 - 3*a**2 - 26*a. Determine r(g).
1
Suppose -2*x + 2*z - 90 = 360, 5*x + 2*z + 1132 = 0. Let j = -226 - x. Let o(u) = u**3 - u + 6. Determine o(j).
6
Let m(i) be the third derivative of -i**6/120 + i**5/15 + i**4/6 + i**3/2 + 2*i**2 - 351*i. Give m(5).
-2
Let i(g) = g**3 + 14*g**2 + 15*g + 31. Suppose 2*b = -143*y + 138*y - 11, -3*y = 2*b + 17. Determine i(b).
5
Let v(q) be the third derivative of -q**7/840 - q**6/60 - q**5/120 - q**4/3 - 26*q**3/3 + 45*q**2. Let s(l) be the first derivative of v(l). Give s(-6).
-2
Let i(l) = -l + 18. Suppose 0 = -v - 4, -2*v - 15 = -3*g + 2*g. Suppose 0*z = -g*z + 8*z. Calculate i(z).
18
Let r(l) = 23*l + 78. Let h(v) = 26*v + 104. Let p(x) = -5*h(x) + 6*r(x). Determine p(14).
60
Let k(c) = 20 + 28*c**2 + 38*c - 41*c**2 - 43*c + 6*c**2 + c**3. Calculate k(8).
44
Let a(h) be the first derivative of -2*h**2 + 15*h - 9628. Let t be (54/45)/((-6)/(-50)). Determine a(t).
-25
Let u(c) be the first derivative of -c**4/4 - 5*c**3/3 - 4*c**2 + 395. Calculate u(-4).
16
Let j(o) = 12 + o**3 + 20 + 11*o**2 - 208973*o + 208975*o. Determine j(-11).
10
Let n(q) = -q + 49. Let t be n(13). Suppose t*z + 32 = 4*z. Let a(b) = 46*b**3 + 2*b**2 - 1. Determine a(z).
-45
Let p(h) = 7*h + 11. Let q(a) = -2*a - 2. Let c be 35/14 + 14/4. Let g(j) = c*q(j) + p(j). Give g(3).
-16
Let z = 14412 + -14416. Let k(y) = 46*y + 187. Determine k(z).
3
Suppose 0 = -2*f + 4*f - 2. Let l(p) = p - 2. Let n(s) = -1. Let b(y) = f*l(y) + 2*n(y). Suppose 5*q - 13 = 4*q + 5*m, 7 = q - 2*m. Calculate b(q).
-1
Let x(i) = 3*i**2 - 92*i + 17. Let m(s) = -s**2 + 17*s - 3. Let d(q) = 6*m(q) + x(q). Give d(4).
-9
Let p(s) = -s**2 + 5*s + 1. Let w(f) = -13*f + 326. Let z be w(21). Suppose 37 = -a - 12. Let g = a + z. What is p(g)?
5
Let q(z) = 17*z + 29*z**3 + 35 - 19*z**3 - 11*z**3 - 7171*z**2 + 7170*z**2. Give q(-3).
2
Let v(d) = -24*d + 1. Let b(g) = 182*g + 24. Let s(x) = b(x) + 8*v(x). Give s(2).
12
Let o = -30 + 76. Let k(z) = -39*z**2 + o*z**2 - 4*z - 3*z + 5 - z**3. Let b be (-6)/(2 + 1 + -4). Determine k(b).
-1
Let n(r) = -19*r - 4. Let u = -3874 - -3871. Determine n(u).
53
Let o = 2736 - 16411/6. Let y(f) be the third derivative of -5/24*f**4 + 5*f**2 + 0*f + 0 - o*f**3. Determine y(-5).
20
Suppose 5*x - 2*b = -169, -22*b + 76 = -2*x - 24*b. Let v(a) = -a**2 - 33*a + 74. Give v(x).
4
Let w = 51 - 47. Let q(k) = -8*k. Let n(z) = 9*z. Suppose -30*a + 15 = -25*a. Let y(i) = a*n(i) + w*q(i). What is y(1)?
-5
Let a(v) = -v**3 + 3*v**2 + 18*v - 17. Suppose 4*k - 5*o + 156 = 165, -2*k = o - 15. Calculate a(k).
-17
Let n(z) = 3*z**3 - z**3 - 6*z**2 - z**3 + 3. Let m = -2252 - -2258. Calculate n(m).
3
Let r(z) be the second derivative of -z**5/20 + 2*z**4 + 9*z**3 - 21*z**2 - z - 1107. Determine r(26).
10
Let h = 192 + -186. Let p be (3/h + 0)*0/10. Let o(n) = n - 10. Give o(p).
-10
Let k be (3 + -4)*(4 + -1 + -3). Let t(j) = 4*j**2 - 5 + 8*j**2 - 13*j**2 - 13*j + k*j**2 + 0*j**2. What is t(-13)?
-5
Suppose -5*l - 196 = 2*a, 0 = 2*l - 5*l + 3*a - 105. Let b = -13 - l. Suppose 16*j - b = 11*j. Let n(o) = o - 6. What is n(j)?
-1
Let o = 1502 + -1483. Let w(t) = -t**3 + 20*t**2 - 19*t - 7. Calculate w(o).
-7
Let h(k) = -8*k. Let g(c) = 6*c + 70. Let o be g(-13). Let t be (o/(-24))/((-3)/(-9)). Determine h(t).
-8
Let i(z) = z**2 + 5*z - 7. Let a be (7 - 0)*(2 + (-92)/(-14)). Let h be 8/a + 4758/90. Let d = h - 59. Calculate i(d).
-1
Let f(i) = -i**3 + 37*i**2 + 125*i - 193. Let h be f(40). Let l(m) be the first derivative of -7*m + 1/3*m**3 - 2 - 3*m**2. Calculate l(h).
0
Let p(w) = -w**2 + 2*w + 5. Let g(m) = -6*m**2 + 3*m + 17. Let j(k) = 18 - 5*k**2 + 2*k + 2*k - k. Let b(v) = 4*g(v) - 5*j(v). Let q be b(7). Calculate p(q).
-19
Let a = 74 + -69. Let o = 1 - -14. Let k(h) = o*h + 18*h - 4 - 27*h - h**2. What is k(a)?
1
Suppose 6*b - 69 = 87. Suppose 3*g + 8 = -4*p, 0*g + 2*p + b = 4*g. Suppose g*l - 3 = 17. Let x(s) = 3*s - 4. Determine x(l).
11
Let v = 551 - 557. Let q be -5*4*6/v. Let x(o) = -o**2 + 21*o - 17. Determine x(q).
3
Let g(o) = 63*o + 1578. Let c be g(-25). Let v(i) be the first derivative of 19 + 0*i + 9/2*i**2 + 1/3*i**c. Give v(-9).
0
Let k(d) = 2*d**2 - 53*d - 23. Let i(g) = -313*g - 1851. Let c be i(-6). Determine k(c).
4
Suppose 53*u - 68 = -15. Let l(b) = 3*b - 11. Let d(h) = -h + 4. Let m(f) = u*l(f) + 4*d(f). What is m(-6)?
11
Let m(n) = 3*n**2 + 61*n + 295. Let q be m(-8). Let b(v) = -30*v**2 + 3*v + 2. Calculate b(q).
-31
Let p(s) = 8*s - 72*s + 36*s + 1 + 77*s. Suppose 0 = 2*i + 2*y + 6, 0*i - 3*y - 14 = -2*i. Determine p(i).
50
Let g(r) be the third derivative of 3*r**2 - r**3 + 0*r - 1/60*r**5 + 0 - 1/6*r**4. Let n be (-118)/28 + 831/3878. Calculate g(n).
-6
Let f(v) = -57 - 8 - v**2 - 12*v - 22 + 70. Calculate f(-10).
3
Let a(w) be the first derivative of -1/6*w**3 - 1 + 0*w - 1/8*w**4 - 1/2*w**2. Let q(r) be the second derivative of a(r). Determine q(-3).
8
Let f(a) = 4*a**3 - 5*a + 6*a**2 - 3*a**3 + 6 + 0*a**3. Let m be f(-7). Let h(q) be the first derivative of q**3/3 + 11*q**2/2 + 10*q + 314. Determine h(m).
-14
Let q(t) be the third derivative of 1/8*t**4 + 0*t + 0 + 11/3*t**3 + 7*t**2. Let v be q(-7). Let h(f) = 4*f**2 + 2*f - 1. Give h(v).
5
Let u(d) = -4*d + 17. Let o = -26359 - -26361. Determine u(o).
9
Let n(c) = 18333*c - 6 - 4 - 18337*c. Determine n(-14).
46
Let l(w) = w**2 - 19*w**3 + w**3 + 1 + 8 + w - 9 - 2. What is l(1)?
-18
Suppose 3*m = -3*v, -11*v = -8*v + 15. Let a = -26 - -41. Let p(o) = -4*o**3 + 2*o - a + 9 + m. Determine p(1).
-3
Let x(p) = -3*p**3 + p + 2. Let w be ((-10)/35)/(2/(-28)). Let r be -3 - (-3 + w) - -3. What is x(r)?
4
Let n(z) = -z**2 - 11*z - 